{"id":200,"date":"2023-02-13T23:56:34","date_gmt":"2023-02-13T23:56:34","guid":{"rendered":"https:\/\/majaconsultinggroup.com\/?page_id=200"},"modified":"2023-02-15T15:56:50","modified_gmt":"2023-02-15T15:56:50","slug":"cuartos-de-control","status":"publish","type":"page","link":"https:\/\/majaconsultinggroup.com\/index.php\/cuartos-de-control\/","title":{"rendered":"Cuartos de control"},"content":{"rendered":"\t\t<div data-elementor-type=\"wp-page\" data-elementor-id=\"200\" class=\"elementor elementor-200\">\n\t\t\t\t\t\t<section class=\"elementor-section elementor-top-section elementor-element elementor-element-0f8362f elementor-section-full_width elementor-section-height-default elementor-section-height-default\" data-id=\"0f8362f\" data-element_type=\"section\">\n\t\t\t\t\t\t<div class=\"elementor-container elementor-column-gap-default\">\n\t\t\t\t\t<div class=\"elementor-column elementor-col-100 elementor-top-column elementor-element elementor-element-c32df28\" data-id=\"c32df28\" data-element_type=\"column\">\n\t\t\t<div class=\"elementor-widget-wrap elementor-element-populated\">\n\t\t\t\t\t\t<div class=\"elementor-element elementor-element-b756cc1 elementor-widget__width-inherit elementor-widget elementor-widget-text-editor\" data-id=\"b756cc1\" data-element_type=\"widget\" data-widget_type=\"text-editor.default\">\n\t\t\t\t<div class=\"elementor-widget-container\">\n\t\t\t\t\t\t\t\t\t<h1>\u00a0<\/h1><h1>\u00a0<\/h1><h1>\u00a0<\/h1><h1><span style=\"color: #ffffff;\">DISE\u00d1O Y AUTOMATIZACI\u00d3N DE CUARTOS DE CONTROL<\/span><\/h1><p>\u00a0<\/p><p>\u00a0<\/p><p>\u00a0<\/p>\t\t\t\t\t\t\t\t<\/div>\n\t\t\t\t<\/div>\n\t\t\t\t\t<\/div>\n\t\t<\/div>\n\t\t\t\t\t<\/div>\n\t\t<\/section>\n\t\t\t\t<section class=\"elementor-section elementor-top-section elementor-element elementor-element-33c910a elementor-section-full_width elementor-section-height-default elementor-section-height-default\" data-id=\"33c910a\" data-element_type=\"section\">\n\t\t\t\t\t\t<div class=\"elementor-container elementor-column-gap-default\">\n\t\t\t\t\t<div class=\"elementor-column elementor-col-100 elementor-top-column elementor-element elementor-element-32a85af\" data-id=\"32a85af\" data-element_type=\"column\">\n\t\t\t<div class=\"elementor-widget-wrap elementor-element-populated\">\n\t\t\t\t\t\t<div class=\"elementor-element elementor-element-d79808a elementor-widget elementor-widget-text-editor\" data-id=\"d79808a\" data-element_type=\"widget\" data-widget_type=\"text-editor.default\">\n\t\t\t\t<div class=\"elementor-widget-container\">\n\t\t\t\t\t\t\t\t\t<h2 style=\"padding-left: 40px;\"><span style=\"color: #ffffff;\">MAJA Consulting Group<\/span><\/h2><h5 style=\"padding-left: 40px;\"><span style=\"color: #ffffff;\">Cuenta con un equipo de trabajo altamente especializado en las \u00e1reas de Arquitectura, Ingenieria Civil, El\u00e9ctrica, Telecomunicaciones, Detecci\u00f3n y Extinci\u00f3n de Incendios, presurizaci\u00f3n y acondicionamiento de aire permitiendonos ofrecer soluciones integrales de Dise\u00f1o de Cuartos de Control.<\/span><\/h5>\t\t\t\t\t\t\t\t<\/div>\n\t\t\t\t<\/div>\n\t\t\t\t\t<\/div>\n\t\t<\/div>\n\t\t\t\t\t<\/div>\n\t\t<\/section>\n\t\t\t\t<section class=\"elementor-section elementor-top-section elementor-element elementor-element-fdbf959 elementor-section-full_width elementor-section-height-default elementor-section-height-default\" data-id=\"fdbf959\" data-element_type=\"section\">\n\t\t\t\t\t\t<div class=\"elementor-container elementor-column-gap-default\">\n\t\t\t\t\t<div class=\"elementor-column elementor-col-33 elementor-top-column elementor-element elementor-element-bdd4ccc\" data-id=\"bdd4ccc\" data-element_type=\"column\">\n\t\t\t<div class=\"elementor-widget-wrap elementor-element-populated\">\n\t\t\t\t\t\t<div class=\"elementor-element elementor-element-37d0673 elementor-widget elementor-widget-text-editor\" data-id=\"37d0673\" data-element_type=\"widget\" data-widget_type=\"text-editor.default\">\n\t\t\t\t<div class=\"elementor-widget-container\">\n\t\t\t\t\t\t\t\t\t<p><img fetchpriority=\"high\" decoding=\"async\" class=\"alignnone size-medium wp-image-203\" src=\"https:\/\/majaconsultinggroup.com\/wp-content\/uploads\/2023\/02\/cuartos_control_02-300x300.png\" alt=\"\" width=\"300\" height=\"300\" srcset=\"https:\/\/majaconsultinggroup.com\/wp-content\/uploads\/2023\/02\/cuartos_control_02-300x300.png 300w, https:\/\/majaconsultinggroup.com\/wp-content\/uploads\/2023\/02\/cuartos_control_02-150x150.png 150w, https:\/\/majaconsultinggroup.com\/wp-content\/uploads\/2023\/02\/cuartos_control_02.png 500w\" sizes=\"(max-width: 300px) 100vw, 300px\" \/> <img decoding=\"async\" class=\"alignnone size-medium wp-image-204\" src=\"https:\/\/majaconsultinggroup.com\/wp-content\/uploads\/2023\/02\/cuartos_control_03-300x300.png\" alt=\"\" width=\"300\" height=\"300\" srcset=\"https:\/\/majaconsultinggroup.com\/wp-content\/uploads\/2023\/02\/cuartos_control_03-300x300.png 300w, https:\/\/majaconsultinggroup.com\/wp-content\/uploads\/2023\/02\/cuartos_control_03-150x150.png 150w, https:\/\/majaconsultinggroup.com\/wp-content\/uploads\/2023\/02\/cuartos_control_03.png 500w\" sizes=\"(max-width: 300px) 100vw, 300px\" \/> <img decoding=\"async\" class=\"alignnone size-medium wp-image-205\" src=\"https:\/\/majaconsultinggroup.com\/wp-content\/uploads\/2023\/02\/cuartos_control_04-300x300.jpg\" alt=\"\" width=\"300\" height=\"300\" srcset=\"https:\/\/majaconsultinggroup.com\/wp-content\/uploads\/2023\/02\/cuartos_control_04-300x300.jpg 300w, https:\/\/majaconsultinggroup.com\/wp-content\/uploads\/2023\/02\/cuartos_control_04-150x150.jpg 150w, https:\/\/majaconsultinggroup.com\/wp-content\/uploads\/2023\/02\/cuartos_control_04.jpg 500w\" sizes=\"(max-width: 300px) 100vw, 300px\" \/><\/p>\t\t\t\t\t\t\t\t<\/div>\n\t\t\t\t<\/div>\n\t\t\t\t\t<\/div>\n\t\t<\/div>\n\t\t\t\t<div class=\"elementor-column elementor-col-33 elementor-top-column elementor-element elementor-element-cb906d6\" data-id=\"cb906d6\" data-element_type=\"column\">\n\t\t\t<div class=\"elementor-widget-wrap elementor-element-populated\">\n\t\t\t\t\t\t<div class=\"elementor-element elementor-element-162148b elementor-widget elementor-widget-text-editor\" data-id=\"162148b\" data-element_type=\"widget\" data-widget_type=\"text-editor.default\">\n\t\t\t\t<div class=\"elementor-widget-container\">\n\t\t\t\t\t\t\t\t\t<p>Basados en los escenarios cr\u00edticos identificados por el An\u00e1lisis de Riesgo, Normatividad Aplicable, Caracter\u00edsticas del Suelo, Ergonom\u00eda y Requerimientos del Cliente considerando la ocurrencia de fenomenos Naturales como: Huracanes, Vientos, Movimientos Tect\u00f3nicos e Inundaciones.<\/p><p><img loading=\"lazy\" decoding=\"async\" class=\"alignnone  wp-image-206\" src=\"https:\/\/majaconsultinggroup.com\/wp-content\/uploads\/2023\/02\/cuartos_control_05-300x256.jpg\" alt=\"\" width=\"437\" height=\"373\" srcset=\"https:\/\/majaconsultinggroup.com\/wp-content\/uploads\/2023\/02\/cuartos_control_05-300x256.jpg 300w, https:\/\/majaconsultinggroup.com\/wp-content\/uploads\/2023\/02\/cuartos_control_05.jpg 500w\" sizes=\"(max-width: 437px) 100vw, 437px\" \/><\/p><p>\u00a0<\/p>\t\t\t\t\t\t\t\t<\/div>\n\t\t\t\t<\/div>\n\t\t\t\t\t<\/div>\n\t\t<\/div>\n\t\t\t\t<div class=\"elementor-column elementor-col-33 elementor-top-column elementor-element elementor-element-c96f516\" data-id=\"c96f516\" data-element_type=\"column\">\n\t\t\t<div class=\"elementor-widget-wrap elementor-element-populated\">\n\t\t\t\t\t\t<div class=\"elementor-element elementor-element-0e96bfb elementor-widget elementor-widget-text-editor\" data-id=\"0e96bfb\" data-element_type=\"widget\" data-widget_type=\"text-editor.default\">\n\t\t\t\t<div class=\"elementor-widget-container\">\n\t\t\t\t\t\t\t\t\t<h3 class=\"blue\">Nuestros Dise\u00f1os<\/h3><p>Nuestros cuartos de control estan dise\u00f1ados para soportar condiciones adversas de sobrepresi\u00f3n, radiaci\u00f3n y toxicidad, salvaguardando al personal operativo y a los equipos de control cr\u00edtico de las industrias de proceso de alto riesgo.<\/p><p>\u00a0<\/p><p><img loading=\"lazy\" decoding=\"async\" class=\"alignnone  wp-image-207\" src=\"https:\/\/majaconsultinggroup.com\/wp-content\/uploads\/2023\/02\/cuartos_control_01-300x288.jpg\" alt=\"\" width=\"578\" height=\"555\" srcset=\"https:\/\/majaconsultinggroup.com\/wp-content\/uploads\/2023\/02\/cuartos_control_01-300x288.jpg 300w, https:\/\/majaconsultinggroup.com\/wp-content\/uploads\/2023\/02\/cuartos_control_01-768x738.jpg 768w, https:\/\/majaconsultinggroup.com\/wp-content\/uploads\/2023\/02\/cuartos_control_01.jpg 796w\" sizes=\"(max-width: 578px) 100vw, 578px\" \/><\/p>\t\t\t\t\t\t\t\t<\/div>\n\t\t\t\t<\/div>\n\t\t\t\t\t<\/div>\n\t\t<\/div>\n\t\t\t\t\t<\/div>\n\t\t<\/section>\n\t\t\t\t<\/div>\n\t\t","protected":false},"excerpt":{"rendered":"<p>&nbsp; &nbsp; &nbsp; DISE\u00d1O Y AUTOMATIZACI\u00d3N DE CUARTOS DE CONTROL MAJA Consulting Group Cuenta con un equipo de trabajo altamente especializado en las \u00e1reas de Arquitectura, Ingenieria Civil, El\u00e9ctrica, Telecomunicaciones, Detecci\u00f3n y Extinci\u00f3n de Incendios, presurizaci\u00f3n y acondicionamiento de aire permitiendonos ofrecer soluciones integrales de Dise\u00f1o de Cuartos de Control. Basados en los escenarios cr\u00edticos &#8230; <a title=\"Cuartos de control\" class=\"read-more\" href=\"https:\/\/majaconsultinggroup.com\/index.php\/cuartos-de-control\/\" aria-label=\"Leer m\u00e1s sobre Cuartos de control\">Leer m\u00e1s<\/a><\/p>\n","protected":false},"author":1,"featured_media":0,"parent":0,"menu_order":0,"comment_status":"closed","ping_status":"closed","template":"elementor_header_footer","meta":{"footnotes":""},"class_list":["post-200","page","type-page","status-publish"],"_links":{"self":[{"href":"https:\/\/majaconsultinggroup.com\/index.php\/wp-json\/wp\/v2\/pages\/200","targetHints":{"allow":["GET"]}}],"collection":[{"href":"https:\/\/majaconsultinggroup.com\/index.php\/wp-json\/wp\/v2\/pages"}],"about":[{"href":"https:\/\/majaconsultinggroup.com\/index.php\/wp-json\/wp\/v2\/types\/page"}],"author":[{"embeddable":true,"href":"https:\/\/majaconsultinggroup.com\/index.php\/wp-json\/wp\/v2\/users\/1"}],"replies":[{"embeddable":true,"href":"https:\/\/majaconsultinggroup.com\/index.php\/wp-json\/wp\/v2\/comments?post=200"}],"version-history":[{"count":7,"href":"https:\/\/majaconsultinggroup.com\/index.php\/wp-json\/wp\/v2\/pages\/200\/revisions"}],"predecessor-version":[{"id":582,"href":"https:\/\/majaconsultinggroup.com\/index.php\/wp-json\/wp\/v2\/pages\/200\/revisions\/582"}],"wp:attachment":[{"href":"https:\/\/majaconsultinggroup.com\/index.php\/wp-json\/wp\/v2\/media?parent=200"}],"curies":[{"name":"wp","href":"https:\/\/api.w.org\/{rel}","templated":true}]}}