{"id":357,"date":"2023-03-07T23:52:28","date_gmt":"2023-03-07T23:52:28","guid":{"rendered":"https:\/\/majaconsultinggroup.com\/?page_id=357"},"modified":"2023-04-05T18:37:43","modified_gmt":"2023-04-05T18:37:43","slug":"elementor-357","status":"publish","type":"page","link":"https:\/\/majaconsultinggroup.com\/index.php\/elementor-357\/","title":{"rendered":"Modelos 4D"},"content":{"rendered":"\t\t<div data-elementor-type=\"wp-page\" data-elementor-id=\"357\" class=\"elementor elementor-357\">\n\t\t\t\t\t\t<section class=\"elementor-section elementor-top-section elementor-element elementor-element-d3c6b87 elementor-section-full_width elementor-section-height-default elementor-section-height-default\" data-id=\"d3c6b87\" data-element_type=\"section\" data-settings=\"{&quot;background_background&quot;:&quot;video&quot;,&quot;background_play_on_mobile&quot;:&quot;yes&quot;,&quot;background_video_link&quot;:&quot;https:\\\/\\\/www.youtube.com\\\/watch?v=mSmckHRfKKw&quot;}\">\n\t\t\t\t\t\t\t\t<div class=\"elementor-background-video-container\">\n\t\t\t\t\t\t\t\t\t\t\t\t\t<div class=\"elementor-background-video-embed\"><\/div>\n\t\t\t\t\t\t\t\t\t\t\t\t<\/div>\n\t\t\t\t\t\t\t\t<div class=\"elementor-container elementor-column-gap-default\">\n\t\t\t\t\t<div class=\"elementor-column elementor-col-100 elementor-top-column elementor-element elementor-element-1add769\" data-id=\"1add769\" data-element_type=\"column\">\n\t\t\t<div class=\"elementor-widget-wrap elementor-element-populated\">\n\t\t\t\t\t\t<div class=\"elementor-element elementor-element-e91b4ff elementor-widget elementor-widget-text-editor\" data-id=\"e91b4ff\" data-element_type=\"widget\" data-widget_type=\"text-editor.default\">\n\t\t\t\t<div class=\"elementor-widget-container\">\n\t\t\t\t\t\t\t\t\t<p>\u00a0<\/p><h1>\u00a0<\/h1><p>\u00a0<\/p><p>\u00a0<\/p><h1 style=\"text-align: center;\"><strong><span style=\"color: #ffffff;\">INGENIER\u00cdA 4D<\/span><\/strong><\/h1><p>\u00a0<\/p><p>\u00a0<\/p><p>\u00a0<\/p><p>\u00a0<\/p><p>\u00a0<\/p>\t\t\t\t\t\t\t\t<\/div>\n\t\t\t\t<\/div>\n\t\t\t\t\t<\/div>\n\t\t<\/div>\n\t\t\t\t\t<\/div>\n\t\t<\/section>\n\t\t\t\t<section class=\"elementor-section elementor-top-section elementor-element elementor-element-920d35b elementor-section-full_width elementor-section-height-default elementor-section-height-default\" data-id=\"920d35b\" data-element_type=\"section\">\n\t\t\t\t\t\t<div class=\"elementor-container elementor-column-gap-default\">\n\t\t\t\t\t<div class=\"elementor-column elementor-col-100 elementor-top-column elementor-element elementor-element-f4fa4b0\" data-id=\"f4fa4b0\" data-element_type=\"column\">\n\t\t\t<div class=\"elementor-widget-wrap elementor-element-populated\">\n\t\t\t\t\t\t<div class=\"elementor-element elementor-element-c6b6cab elementor-widget elementor-widget-text-editor\" data-id=\"c6b6cab\" data-element_type=\"widget\" data-widget_type=\"text-editor.default\">\n\t\t\t\t<div class=\"elementor-widget-container\">\n\t\t\t\t\t\t\t\t\t<h5><span style=\"color: #ffffff;\">En MAJA Consulting Group nuestro servicio de ingenier\u00eda 4D es una metodolog\u00eda en la gesti\u00f3n de proyectos de construcci\u00f3n que combina la tecnolog\u00eda BIM (Building Information Modeling) con la planificaci\u00f3n temporal y la simulaci\u00f3n de construcci\u00f3n. Esta t\u00e9cnica permite la visualizaci\u00f3n del proyecto en cuatro dimensiones: 3D (espacio), tiempo y costos.<\/span><\/h5>\t\t\t\t\t\t\t\t<\/div>\n\t\t\t\t<\/div>\n\t\t\t\t\t<\/div>\n\t\t<\/div>\n\t\t\t\t\t<\/div>\n\t\t<\/section>\n\t\t\t\t<section class=\"elementor-section elementor-top-section elementor-element elementor-element-f28e7e0 elementor-section-boxed elementor-section-height-default elementor-section-height-default\" data-id=\"f28e7e0\" data-element_type=\"section\">\n\t\t\t\t\t\t<div class=\"elementor-container elementor-column-gap-default\">\n\t\t\t\t\t<div class=\"elementor-column elementor-col-100 elementor-top-column elementor-element elementor-element-99f3da5\" data-id=\"99f3da5\" data-element_type=\"column\">\n\t\t\t<div class=\"elementor-widget-wrap elementor-element-populated\">\n\t\t\t\t\t\t<div class=\"elementor-element elementor-element-ded115b elementor-widget elementor-widget-spacer\" data-id=\"ded115b\" data-element_type=\"widget\" data-widget_type=\"spacer.default\">\n\t\t\t\t<div class=\"elementor-widget-container\">\n\t\t\t\t\t\t\t<div class=\"elementor-spacer\">\n\t\t\t<div class=\"elementor-spacer-inner\"><\/div>\n\t\t<\/div>\n\t\t\t\t\t\t<\/div>\n\t\t\t\t<\/div>\n\t\t\t\t\t<\/div>\n\t\t<\/div>\n\t\t\t\t\t<\/div>\n\t\t<\/section>\n\t\t\t\t<section class=\"elementor-section elementor-top-section elementor-element elementor-element-7d25200 elementor-section-full_width elementor-section-height-default elementor-section-height-default\" data-id=\"7d25200\" data-element_type=\"section\">\n\t\t\t\t\t\t<div class=\"elementor-container elementor-column-gap-default\">\n\t\t\t\t\t<div class=\"elementor-column elementor-col-50 elementor-top-column elementor-element elementor-element-a759848\" data-id=\"a759848\" data-element_type=\"column\">\n\t\t\t<div class=\"elementor-widget-wrap elementor-element-populated\">\n\t\t\t\t\t\t<div class=\"elementor-element elementor-element-3baddd4 elementor-widget elementor-widget-text-editor\" data-id=\"3baddd4\" data-element_type=\"widget\" data-widget_type=\"text-editor.default\">\n\t\t\t\t<div class=\"elementor-widget-container\">\n\t\t\t\t\t\t\t\t\t<p><span style=\"color: #000000;\">Nuestro servicio de ingenier\u00eda 4D es utilizado por gerentes de construcci\u00f3n, contratistas, dise\u00f1adores, ingenieros y arquitectos para la planificaci\u00f3n y gesti\u00f3n de proyectos. Las ventajas de esta soluci\u00f3n son:<\/span><\/p><ul><li><span style=\"color: #000000;\"><span style=\"color: #0000ff;\">Simulaci\u00f3n de fases de construcci\u00f3n:\u00a0<\/span>permite la visualizaci\u00f3n de las fases de construcci\u00f3n a nivel pieza por componente.<\/span><\/li><li><span style=\"color: #0000ff;\">Identificaci\u00f3n de errores.<\/span><\/li><li><span style=\"color: #000000;\"><span style=\"color: #0000ff;\">Mejora de la comunicaci\u00f3n:<\/span> el modelo 4D es f\u00e1cil de entender y ayuda a mejorar la comunicaci\u00f3n entre todos los miembros del equipo del proyecto.<\/span><\/li><li><span style=\"color: #000000;\"><span style=\"color: #0000ff;\">Ahorro de tiempo y costos:<\/span> la planificaci\u00f3n detallada y la simulaci\u00f3n permiten una mejor gesti\u00f3n del tiempo y los costos del proyecto.<\/span><\/li><\/ul>\t\t\t\t\t\t\t\t<\/div>\n\t\t\t\t<\/div>\n\t\t\t\t\t<\/div>\n\t\t<\/div>\n\t\t\t\t<div class=\"elementor-column elementor-col-50 elementor-top-column elementor-element elementor-element-52041ec\" data-id=\"52041ec\" data-element_type=\"column\">\n\t\t\t<div class=\"elementor-widget-wrap elementor-element-populated\">\n\t\t\t\t\t\t<div class=\"elementor-element elementor-element-c1f64dd elementor-widget elementor-widget-video\" data-id=\"c1f64dd\" data-element_type=\"widget\" data-settings=\"{&quot;video_type&quot;:&quot;hosted&quot;,&quot;autoplay&quot;:&quot;yes&quot;,&quot;play_on_mobile&quot;:&quot;yes&quot;,&quot;mute&quot;:&quot;yes&quot;,&quot;loop&quot;:&quot;yes&quot;}\" data-widget_type=\"video.default\">\n\t\t\t\t<div class=\"elementor-widget-container\">\n\t\t\t\t\t\t\t<div class=\"e-hosted-video elementor-wrapper elementor-open-inline\">\n\t\t\t\t\t<video class=\"elementor-video\" src=\"https:\/\/majaconsultinggroup.com\/wp-content\/uploads\/2023\/03\/md4d.mp4\" autoplay=\"\" loop=\"\" muted=\"muted\" playsinline=\"\" controlsList=\"nodownload\"><\/video>\n\t\t\t\t<\/div>\n\t\t\t\t\t\t<\/div>\n\t\t\t\t<\/div>\n\t\t\t\t\t<\/div>\n\t\t<\/div>\n\t\t\t\t\t<\/div>\n\t\t<\/section>\n\t\t\t\t<\/div>\n\t\t","protected":false},"excerpt":{"rendered":"<p>\u00a0 \u00a0 \u00a0 \u00a0 INGENIER\u00cdA 4D \u00a0 \u00a0 \u00a0 \u00a0 \u00a0 En MAJA Consulting Group nuestro servicio de ingenier\u00eda 4D es una metodolog\u00eda en la gesti\u00f3n de proyectos de construcci\u00f3n que combina la tecnolog\u00eda BIM (Building Information Modeling) con la planificaci\u00f3n temporal y la simulaci\u00f3n de construcci\u00f3n. Esta t\u00e9cnica permite la visualizaci\u00f3n del proyecto en &#8230; <a title=\"Modelos 4D\" class=\"read-more\" href=\"https:\/\/majaconsultinggroup.com\/index.php\/elementor-357\/\" aria-label=\"Leer m\u00e1s sobre Modelos 4D\">Leer m\u00e1s<\/a><\/p>\n","protected":false},"author":1,"featured_media":0,"parent":0,"menu_order":0,"comment_status":"closed","ping_status":"closed","template":"elementor_header_footer","meta":{"footnotes":""},"class_list":["post-357","page","type-page","status-publish"],"_links":{"self":[{"href":"https:\/\/majaconsultinggroup.com\/index.php\/wp-json\/wp\/v2\/pages\/357","targetHints":{"allow":["GET"]}}],"collection":[{"href":"https:\/\/majaconsultinggroup.com\/index.php\/wp-json\/wp\/v2\/pages"}],"about":[{"href":"https:\/\/majaconsultinggroup.com\/index.php\/wp-json\/wp\/v2\/types\/page"}],"author":[{"embeddable":true,"href":"https:\/\/majaconsultinggroup.com\/index.php\/wp-json\/wp\/v2\/users\/1"}],"replies":[{"embeddable":true,"href":"https:\/\/majaconsultinggroup.com\/index.php\/wp-json\/wp\/v2\/comments?post=357"}],"version-history":[{"count":11,"href":"https:\/\/majaconsultinggroup.com\/index.php\/wp-json\/wp\/v2\/pages\/357\/revisions"}],"predecessor-version":[{"id":513,"href":"https:\/\/majaconsultinggroup.com\/index.php\/wp-json\/wp\/v2\/pages\/357\/revisions\/513"}],"wp:attachment":[{"href":"https:\/\/majaconsultinggroup.com\/index.php\/wp-json\/wp\/v2\/media?parent=357"}],"curies":[{"name":"wp","href":"https:\/\/api.w.org\/{rel}","templated":true}]}}