{"id":392,"date":"2023-03-29T17:01:43","date_gmt":"2023-03-29T17:01:43","guid":{"rendered":"https:\/\/majaconsultinggroup.com\/?page_id=392"},"modified":"2023-04-13T18:41:10","modified_gmt":"2023-04-13T18:41:10","slug":"ingenieria-vr","status":"publish","type":"page","link":"https:\/\/majaconsultinggroup.com\/index.php\/ingenieria-vr\/","title":{"rendered":"Ingenieria VR"},"content":{"rendered":"\t\t<div data-elementor-type=\"wp-page\" data-elementor-id=\"392\" class=\"elementor elementor-392\">\n\t\t\t\t\t\t<section class=\"elementor-section elementor-top-section elementor-element elementor-element-7e98498 elementor-section-full_width elementor-section-height-default elementor-section-height-default\" data-id=\"7e98498\" data-element_type=\"section\" data-settings=\"{&quot;background_background&quot;:&quot;video&quot;,&quot;background_video_link&quot;:&quot;https:\\\/\\\/www.youtube.com\\\/watch?v=NA_eGzqS0G4&quot;,&quot;background_video_start&quot;:0,&quot;background_play_on_mobile&quot;:&quot;yes&quot;}\">\n\t\t\t\t\t\t\t\t<div class=\"elementor-background-video-container\">\n\t\t\t\t\t\t\t\t\t\t\t\t\t<div class=\"elementor-background-video-embed\"><\/div>\n\t\t\t\t\t\t\t\t\t\t\t\t<\/div>\n\t\t\t\t\t\t\t\t<div class=\"elementor-container elementor-column-gap-no\">\n\t\t\t\t\t<div class=\"elementor-column elementor-col-100 elementor-top-column elementor-element elementor-element-b6946f7\" data-id=\"b6946f7\" data-element_type=\"column\">\n\t\t\t<div class=\"elementor-widget-wrap elementor-element-populated\">\n\t\t\t\t\t\t<div class=\"elementor-element elementor-element-8128fd1 elementor-widget elementor-widget-text-editor\" data-id=\"8128fd1\" data-element_type=\"widget\" data-widget_type=\"text-editor.default\">\n\t\t\t\t<div class=\"elementor-widget-container\">\n\t\t\t\t\t\t\t\t\t<h1 style=\"text-align: center;\">\u00a0<\/h1><p>\u00a0<\/p><p>\u00a0<\/p><p>\u00a0<\/p><p>\u00a0<\/p><p>\u00a0<\/p><p>\u00a0<\/p><p>\u00a0<\/p><p>\u00a0<\/p><p>\u00a0<\/p>\t\t\t\t\t\t\t\t<\/div>\n\t\t\t\t<\/div>\n\t\t\t\t\t<\/div>\n\t\t<\/div>\n\t\t\t\t\t<\/div>\n\t\t<\/section>\n\t\t\t\t<section class=\"elementor-section elementor-top-section elementor-element elementor-element-af82e0d elementor-section-full_width elementor-section-height-default elementor-section-height-default\" data-id=\"af82e0d\" data-element_type=\"section\">\n\t\t\t\t\t\t<div class=\"elementor-container elementor-column-gap-default\">\n\t\t\t\t\t<div class=\"elementor-column elementor-col-100 elementor-top-column elementor-element elementor-element-9c712d0\" data-id=\"9c712d0\" data-element_type=\"column\">\n\t\t\t<div class=\"elementor-widget-wrap elementor-element-populated\">\n\t\t\t\t\t\t<div class=\"elementor-element elementor-element-e4bcc45 elementor-widget elementor-widget-text-editor\" data-id=\"e4bcc45\" data-element_type=\"widget\" data-widget_type=\"text-editor.default\">\n\t\t\t\t<div class=\"elementor-widget-container\">\n\t\t\t\t\t\t\t\t\t<p>\u00a0<\/p><p><span style=\"color: #ffffff;\">Nuestro servicio de ingenier\u00eda en realidad virtual (VR, por sus siglas en ingl\u00e9s) es una t\u00e9cnica innovadora que utiliza la tecnolog\u00eda de realidad virtual para crear una representaci\u00f3n virtual en 3D de un proyecto de ingenier\u00eda. La realidad virtual es una simulaci\u00f3n computarizada que permite a los usuarios interactuar con un ambiente virtual en tiempo real.<\/span><\/p><p>\u00a0<\/p>\t\t\t\t\t\t\t\t<\/div>\n\t\t\t\t<\/div>\n\t\t\t\t\t<\/div>\n\t\t<\/div>\n\t\t\t\t\t<\/div>\n\t\t<\/section>\n\t\t\t\t<section class=\"elementor-section elementor-top-section elementor-element elementor-element-3cdbf61 elementor-section-boxed elementor-section-height-default elementor-section-height-default\" data-id=\"3cdbf61\" data-element_type=\"section\">\n\t\t\t\t\t\t<div class=\"elementor-container elementor-column-gap-default\">\n\t\t\t\t\t<div class=\"elementor-column elementor-col-100 elementor-top-column elementor-element elementor-element-fe751c8\" data-id=\"fe751c8\" data-element_type=\"column\">\n\t\t\t<div class=\"elementor-widget-wrap elementor-element-populated\">\n\t\t\t\t\t\t<div class=\"elementor-element elementor-element-9d9ca02 elementor-widget elementor-widget-spacer\" data-id=\"9d9ca02\" data-element_type=\"widget\" data-widget_type=\"spacer.default\">\n\t\t\t\t<div class=\"elementor-widget-container\">\n\t\t\t\t\t\t\t<div class=\"elementor-spacer\">\n\t\t\t<div class=\"elementor-spacer-inner\"><\/div>\n\t\t<\/div>\n\t\t\t\t\t\t<\/div>\n\t\t\t\t<\/div>\n\t\t\t\t\t<\/div>\n\t\t<\/div>\n\t\t\t\t\t<\/div>\n\t\t<\/section>\n\t\t\t\t<section class=\"elementor-section elementor-top-section elementor-element elementor-element-4a69d03 elementor-section-boxed elementor-section-height-default elementor-section-height-default\" data-id=\"4a69d03\" data-element_type=\"section\">\n\t\t\t\t\t\t<div class=\"elementor-container elementor-column-gap-default\">\n\t\t\t\t\t<div class=\"elementor-column elementor-col-100 elementor-top-column elementor-element elementor-element-bf3b2fd\" data-id=\"bf3b2fd\" data-element_type=\"column\">\n\t\t\t<div class=\"elementor-widget-wrap elementor-element-populated\">\n\t\t\t\t\t\t<div class=\"elementor-element elementor-element-ea4b0f6 elementor-widget elementor-widget-text-editor\" data-id=\"ea4b0f6\" data-element_type=\"widget\" data-widget_type=\"text-editor.default\">\n\t\t\t\t<div class=\"elementor-widget-container\">\n\t\t\t\t\t\t\t\t\t<p><span style=\"color: #000080;\">En MAJA Consulting Group dentro\u00a0 del contexto de la ingenier\u00eda, el servicio de ingenier\u00eda en realidad virtual permite la visualizaci\u00f3n y exploraci\u00f3n de un modelo en 3D del proyecto de construcci\u00f3n en una experiencia de realidad virtual inmersiva.<\/span><\/p><p><span style=\"color: #000080;\">En MAJA Consulting Group lo hemos implementado para una amplia variedad de aplicaciones en la ingenier\u00eda, como la planificaci\u00f3n y dise\u00f1o de proyectos de construcci\u00f3n, de seguridad funcional y de ingenier\u00eda inversa, la simulaci\u00f3n de procesos y operaciones, la capacitaci\u00f3n de personal y por \u00faltimo para\u00a0 presentaci\u00f3n de proyectos a nuestros clientes en todo el mundo.<\/span><\/p><p><span style=\"background-color: var(--base-3);\"><span style=\"color: #000080;\">Permite la detecci\u00f3n temprana de problemas: la simulaci\u00f3n en realidad virtual permite a los ingenieros y dise\u00f1adores detectar problemas en el modelo antes de la construcci\u00f3n del proyecto, lo que ahorra tiempo y costos.<\/span><\/span><\/p><p><span style=\"color: #000080;\">Facilita la colaboraci\u00f3n: la realidad virtual permite a los equipos de ingenier\u00eda y dise\u00f1o colaborar en tiempo real en un ambiente virtual compartido, lo que mejora la eficiencia y la productividad.<\/span><\/p><p><span style=\"color: #000080;\">Reduce los errores de dise\u00f1o: la visualizaci\u00f3n en realidad virtual permite a los ingenieros y dise\u00f1adores identificar errores de dise\u00f1o y corregirlos antes de que se construya el proyecto.<\/span><\/p>\t\t\t\t\t\t\t\t<\/div>\n\t\t\t\t<\/div>\n\t\t\t\t\t<\/div>\n\t\t<\/div>\n\t\t\t\t\t<\/div>\n\t\t<\/section>\n\t\t\t\t<\/div>\n\t\t","protected":false},"excerpt":{"rendered":"<p>\u00a0 \u00a0 \u00a0 \u00a0 \u00a0 \u00a0 \u00a0 \u00a0 \u00a0 \u00a0 \u00a0 Nuestro servicio de ingenier\u00eda en realidad virtual (VR, por sus siglas en ingl\u00e9s) es una t\u00e9cnica innovadora que utiliza la tecnolog\u00eda de realidad virtual para crear una representaci\u00f3n virtual en 3D de un proyecto de ingenier\u00eda. La realidad virtual es una simulaci\u00f3n computarizada que &#8230; <a title=\"Ingenieria VR\" class=\"read-more\" href=\"https:\/\/majaconsultinggroup.com\/index.php\/ingenieria-vr\/\" aria-label=\"Leer m\u00e1s sobre Ingenieria VR\">Leer m\u00e1s<\/a><\/p>\n","protected":false},"author":1,"featured_media":0,"parent":0,"menu_order":0,"comment_status":"closed","ping_status":"closed","template":"elementor_header_footer","meta":{"footnotes":""},"class_list":["post-392","page","type-page","status-publish"],"_links":{"self":[{"href":"https:\/\/majaconsultinggroup.com\/index.php\/wp-json\/wp\/v2\/pages\/392","targetHints":{"allow":["GET"]}}],"collection":[{"href":"https:\/\/majaconsultinggroup.com\/index.php\/wp-json\/wp\/v2\/pages"}],"about":[{"href":"https:\/\/majaconsultinggroup.com\/index.php\/wp-json\/wp\/v2\/types\/page"}],"author":[{"embeddable":true,"href":"https:\/\/majaconsultinggroup.com\/index.php\/wp-json\/wp\/v2\/users\/1"}],"replies":[{"embeddable":true,"href":"https:\/\/majaconsultinggroup.com\/index.php\/wp-json\/wp\/v2\/comments?post=392"}],"version-history":[{"count":25,"href":"https:\/\/majaconsultinggroup.com\/index.php\/wp-json\/wp\/v2\/pages\/392\/revisions"}],"predecessor-version":[{"id":531,"href":"https:\/\/majaconsultinggroup.com\/index.php\/wp-json\/wp\/v2\/pages\/392\/revisions\/531"}],"wp:attachment":[{"href":"https:\/\/majaconsultinggroup.com\/index.php\/wp-json\/wp\/v2\/media?parent=392"}],"curies":[{"name":"wp","href":"https:\/\/api.w.org\/{rel}","templated":true}]}}