{"id":83,"date":"2023-02-10T16:39:23","date_gmt":"2023-02-10T16:39:23","guid":{"rendered":"https:\/\/majaconsultinggroup.com\/?page_id=83"},"modified":"2023-04-05T16:42:19","modified_gmt":"2023-04-05T16:42:19","slug":"sistema-de-paro-por-emergencia","status":"publish","type":"page","link":"https:\/\/majaconsultinggroup.com\/index.php\/sistema-de-paro-por-emergencia\/","title":{"rendered":"Sistema de paro por Emergencia"},"content":{"rendered":"\t\t<div data-elementor-type=\"wp-page\" data-elementor-id=\"83\" class=\"elementor elementor-83\">\n\t\t\t\t\t\t<section class=\"elementor-section elementor-top-section elementor-element elementor-element-a9ecaf7 elementor-section-boxed elementor-section-height-default elementor-section-height-default\" data-id=\"a9ecaf7\" data-element_type=\"section\" data-settings=\"{&quot;background_background&quot;:&quot;video&quot;,&quot;background_video_link&quot;:&quot;https:\\\/\\\/www.youtube.com\\\/watch?v=NRVdoXM2vTk&quot;,&quot;background_video_start&quot;:268,&quot;background_video_end&quot;:280,&quot;background_play_on_mobile&quot;:&quot;yes&quot;}\">\n\t\t\t\t\t\t\t\t<div class=\"elementor-background-video-container\">\n\t\t\t\t\t\t\t\t\t\t\t\t\t<div class=\"elementor-background-video-embed\"><\/div>\n\t\t\t\t\t\t\t\t\t\t\t\t<\/div>\n\t\t\t\t\t\t\t\t<div class=\"elementor-container elementor-column-gap-default\">\n\t\t\t\t\t<div class=\"elementor-column elementor-col-100 elementor-top-column elementor-element elementor-element-78f2ca0\" data-id=\"78f2ca0\" data-element_type=\"column\">\n\t\t\t<div class=\"elementor-widget-wrap elementor-element-populated\">\n\t\t\t\t\t\t<div class=\"elementor-element elementor-element-7367c4d elementor-widget elementor-widget-text-editor\" data-id=\"7367c4d\" data-element_type=\"widget\" data-widget_type=\"text-editor.default\">\n\t\t\t\t<div class=\"elementor-widget-container\">\n\t\t\t\t\t\t\t\t\t<h1>\u00a0<\/h1><h1>\u00a0<\/h1><h1 style=\"text-align: center;\"><span style=\"color: #ffffff;\">SISTEMA DE PARO POR EMERGENCIA<\/span><\/h1><p>\u00a0<\/p><p>\u00a0<\/p><p>\u00a0<\/p><p>\u00a0<\/p><p>\u00a0<\/p>\t\t\t\t\t\t\t\t<\/div>\n\t\t\t\t<\/div>\n\t\t\t\t\t<\/div>\n\t\t<\/div>\n\t\t\t\t\t<\/div>\n\t\t<\/section>\n\t\t\t\t<section class=\"elementor-section elementor-top-section elementor-element elementor-element-f9c8bed elementor-section-boxed elementor-section-height-default elementor-section-height-default\" data-id=\"f9c8bed\" data-element_type=\"section\">\n\t\t\t\t\t\t<div class=\"elementor-container elementor-column-gap-default\">\n\t\t\t\t\t<div class=\"elementor-column elementor-col-100 elementor-top-column elementor-element elementor-element-f9d092a\" data-id=\"f9d092a\" data-element_type=\"column\">\n\t\t\t<div class=\"elementor-widget-wrap elementor-element-populated\">\n\t\t\t\t\t\t<div class=\"elementor-element elementor-element-88eb98c elementor-widget__width-inherit elementor-widget elementor-widget-text-editor\" data-id=\"88eb98c\" data-element_type=\"widget\" data-widget_type=\"text-editor.default\">\n\t\t\t\t<div class=\"elementor-widget-container\">\n\t\t\t\t\t\t\t\t\t<p>\u00a0<\/p><p style=\"text-align: center;\"><span style=\"color: #ffffff;\">En la industria de procesos de alto riesgo, las operaciones cotidianas involucran un riesgo inherente el cual puede sobrepasar el nivel de riesgo tolerable establecido por el cliente.<\/span><\/p><p>\u00a0<\/p>\t\t\t\t\t\t\t\t<\/div>\n\t\t\t\t<\/div>\n\t\t\t\t\t<\/div>\n\t\t<\/div>\n\t\t\t\t\t<\/div>\n\t\t<\/section>\n\t\t\t\t<section class=\"elementor-section elementor-top-section elementor-element elementor-element-762a79f elementor-section-boxed elementor-section-height-default elementor-section-height-default\" data-id=\"762a79f\" data-element_type=\"section\">\n\t\t\t\t\t\t<div class=\"elementor-container elementor-column-gap-default\">\n\t\t\t\t\t<div class=\"elementor-column elementor-col-50 elementor-top-column elementor-element elementor-element-e4b3809\" data-id=\"e4b3809\" data-element_type=\"column\">\n\t\t\t<div class=\"elementor-widget-wrap elementor-element-populated\">\n\t\t\t\t\t\t<div class=\"elementor-element elementor-element-55373cc elementor-widget elementor-widget-image\" data-id=\"55373cc\" data-element_type=\"widget\" data-widget_type=\"image.default\">\n\t\t\t\t<div class=\"elementor-widget-container\">\n\t\t\t\t\t\t\t\t\t\t\t\t\t\t\t<img fetchpriority=\"high\" decoding=\"async\" width=\"605\" height=\"524\" src=\"https:\/\/majaconsultinggroup.com\/wp-content\/uploads\/2023\/02\/paro_emergencia_01.jpg\" class=\"attachment-large size-large wp-image-92\" alt=\"\" srcset=\"https:\/\/majaconsultinggroup.com\/wp-content\/uploads\/2023\/02\/paro_emergencia_01.jpg 605w, https:\/\/majaconsultinggroup.com\/wp-content\/uploads\/2023\/02\/paro_emergencia_01-300x260.jpg 300w\" sizes=\"(max-width: 605px) 100vw, 605px\" \/>\t\t\t\t\t\t\t\t\t\t\t\t\t\t\t<\/div>\n\t\t\t\t<\/div>\n\t\t\t\t\t<\/div>\n\t\t<\/div>\n\t\t\t\t<div class=\"elementor-column elementor-col-50 elementor-top-column elementor-element elementor-element-0b6a431\" data-id=\"0b6a431\" data-element_type=\"column\">\n\t\t\t<div class=\"elementor-widget-wrap elementor-element-populated\">\n\t\t\t\t\t\t<div class=\"elementor-element elementor-element-3b62ebb elementor-widget elementor-widget-text-editor\" data-id=\"3b62ebb\" data-element_type=\"widget\" data-widget_type=\"text-editor.default\">\n\t\t\t\t<div class=\"elementor-widget-container\">\n\t\t\t\t\t\t\t\t\t<p style=\"text-align: justify;\">Lo que puede dar origen a la ocurrencia de un evento no deseado (da\u00f1os a las personas, medio ambiente, p\u00e9rdidas en producci\u00f3n, y da\u00f1os a la infraestructura).<\/p><p style=\"text-align: justify;\">MAJA Consulting Group dise\u00f1a Sistemas Instrumentados de Seguridad (tambi\u00e9n llamados Sistemas de Paro por Emergencia), acorde con el ciclo de vida de seguridad funcional para mantener o llevar al proceso a un estado seguro, mediante sensores, actuadores y Controladores L\u00f3gicos Programables de Seguridad, con el Nivel de Integridad de Seguridad requerido, tomando en cuenta las capas de protecci\u00f3n Independientes IPL&#8217;s existentes para los escenarios de riesgo analizados.<\/p><p><img decoding=\"async\" class=\"alignnone wp-image-91\" src=\"https:\/\/majaconsultinggroup.com\/wp-content\/uploads\/2023\/02\/paro_emergencia_10-300x142.jpg\" alt=\"\" width=\"420\" height=\"199\" srcset=\"https:\/\/majaconsultinggroup.com\/wp-content\/uploads\/2023\/02\/paro_emergencia_10-300x142.jpg 300w, https:\/\/majaconsultinggroup.com\/wp-content\/uploads\/2023\/02\/paro_emergencia_10.jpg 605w\" sizes=\"(max-width: 420px) 100vw, 420px\" \/><\/p><p>\u00a0<\/p><p>\u00a0<\/p>\t\t\t\t\t\t\t\t<\/div>\n\t\t\t\t<\/div>\n\t\t\t\t\t<\/div>\n\t\t<\/div>\n\t\t\t\t\t<\/div>\n\t\t<\/section>\n\t\t\t\t<section class=\"elementor-section elementor-top-section elementor-element elementor-element-b02b355 elementor-section-boxed elementor-section-height-default elementor-section-height-default\" data-id=\"b02b355\" data-element_type=\"section\">\n\t\t\t\t\t\t<div class=\"elementor-container elementor-column-gap-default\">\n\t\t\t\t\t<div class=\"elementor-column elementor-col-50 elementor-top-column elementor-element elementor-element-234cb52\" data-id=\"234cb52\" data-element_type=\"column\">\n\t\t\t<div class=\"elementor-widget-wrap elementor-element-populated\">\n\t\t\t\t\t\t<div class=\"elementor-element elementor-element-b56e8dd elementor-widget elementor-widget-image\" data-id=\"b56e8dd\" data-element_type=\"widget\" data-widget_type=\"image.default\">\n\t\t\t\t<div class=\"elementor-widget-container\">\n\t\t\t\t\t\t\t\t\t\t\t\t\t\t\t<img decoding=\"async\" width=\"2560\" height=\"1440\" src=\"https:\/\/majaconsultinggroup.com\/wp-content\/uploads\/2023\/04\/valves-1.png\" class=\"attachment-full size-full wp-image-477\" alt=\"\" srcset=\"https:\/\/majaconsultinggroup.com\/wp-content\/uploads\/2023\/04\/valves-1.png 2560w, https:\/\/majaconsultinggroup.com\/wp-content\/uploads\/2023\/04\/valves-1-300x169.png 300w, https:\/\/majaconsultinggroup.com\/wp-content\/uploads\/2023\/04\/valves-1-1024x576.png 1024w, https:\/\/majaconsultinggroup.com\/wp-content\/uploads\/2023\/04\/valves-1-768x432.png 768w, https:\/\/majaconsultinggroup.com\/wp-content\/uploads\/2023\/04\/valves-1-1536x864.png 1536w, https:\/\/majaconsultinggroup.com\/wp-content\/uploads\/2023\/04\/valves-1-2048x1152.png 2048w\" sizes=\"(max-width: 2560px) 100vw, 2560px\" \/>\t\t\t\t\t\t\t\t\t\t\t\t\t\t\t<\/div>\n\t\t\t\t<\/div>\n\t\t\t\t\t<\/div>\n\t\t<\/div>\n\t\t\t\t<div class=\"elementor-column elementor-col-50 elementor-top-column elementor-element elementor-element-9b84c8d\" data-id=\"9b84c8d\" data-element_type=\"column\">\n\t\t\t<div class=\"elementor-widget-wrap\">\n\t\t\t\t\t\t\t<\/div>\n\t\t<\/div>\n\t\t\t\t\t<\/div>\n\t\t<\/section>\n\t\t\t\t<\/div>\n\t\t","protected":false},"excerpt":{"rendered":"<p>\u00a0 \u00a0 SISTEMA DE PARO POR EMERGENCIA \u00a0 \u00a0 \u00a0 \u00a0 \u00a0 \u00a0 En la industria de procesos de alto riesgo, las operaciones cotidianas involucran un riesgo inherente el cual puede sobrepasar el nivel de riesgo tolerable establecido por el cliente. \u00a0 Lo que puede dar origen a la ocurrencia de un evento no deseado &#8230; <a title=\"Sistema de paro por Emergencia\" class=\"read-more\" href=\"https:\/\/majaconsultinggroup.com\/index.php\/sistema-de-paro-por-emergencia\/\" aria-label=\"Leer m\u00e1s sobre Sistema de paro por Emergencia\">Leer m\u00e1s<\/a><\/p>\n","protected":false},"author":1,"featured_media":0,"parent":0,"menu_order":0,"comment_status":"closed","ping_status":"closed","template":"elementor_header_footer","meta":{"footnotes":""},"class_list":["post-83","page","type-page","status-publish"],"_links":{"self":[{"href":"https:\/\/majaconsultinggroup.com\/index.php\/wp-json\/wp\/v2\/pages\/83","targetHints":{"allow":["GET"]}}],"collection":[{"href":"https:\/\/majaconsultinggroup.com\/index.php\/wp-json\/wp\/v2\/pages"}],"about":[{"href":"https:\/\/majaconsultinggroup.com\/index.php\/wp-json\/wp\/v2\/types\/page"}],"author":[{"embeddable":true,"href":"https:\/\/majaconsultinggroup.com\/index.php\/wp-json\/wp\/v2\/users\/1"}],"replies":[{"embeddable":true,"href":"https:\/\/majaconsultinggroup.com\/index.php\/wp-json\/wp\/v2\/comments?post=83"}],"version-history":[{"count":16,"href":"https:\/\/majaconsultinggroup.com\/index.php\/wp-json\/wp\/v2\/pages\/83\/revisions"}],"predecessor-version":[{"id":495,"href":"https:\/\/majaconsultinggroup.com\/index.php\/wp-json\/wp\/v2\/pages\/83\/revisions\/495"}],"wp:attachment":[{"href":"https:\/\/majaconsultinggroup.com\/index.php\/wp-json\/wp\/v2\/media?parent=83"}],"curies":[{"name":"wp","href":"https:\/\/api.w.org\/{rel}","templated":true}]}}