{"id":97,"date":"2023-02-10T22:04:32","date_gmt":"2023-02-10T22:04:32","guid":{"rendered":"https:\/\/majaconsultinggroup.com\/?page_id=97"},"modified":"2023-04-05T16:37:10","modified_gmt":"2023-04-05T16:37:10","slug":"sistema-de-deteccion-de-gas-y-fuego","status":"publish","type":"page","link":"https:\/\/majaconsultinggroup.com\/index.php\/sistema-de-deteccion-de-gas-y-fuego\/","title":{"rendered":"Sistema de Detecci\u00f3n de Gas y Fuego"},"content":{"rendered":"\t\t<div data-elementor-type=\"wp-page\" data-elementor-id=\"97\" class=\"elementor elementor-97\">\n\t\t\t\t\t\t<section class=\"elementor-section elementor-top-section elementor-element elementor-element-2e0decb elementor-section-boxed elementor-section-height-default elementor-section-height-default\" data-id=\"2e0decb\" data-element_type=\"section\">\n\t\t\t\t\t\t<div class=\"elementor-container elementor-column-gap-default\">\n\t\t\t\t\t<div class=\"elementor-column elementor-col-100 elementor-top-column elementor-element elementor-element-84374af\" data-id=\"84374af\" data-element_type=\"column\">\n\t\t\t<div class=\"elementor-widget-wrap elementor-element-populated\">\n\t\t\t\t\t\t<div class=\"elementor-element elementor-element-3e08cfc elementor-widget__width-inherit elementor-widget elementor-widget-text-editor\" data-id=\"3e08cfc\" data-element_type=\"widget\" data-widget_type=\"text-editor.default\">\n\t\t\t\t<div class=\"elementor-widget-container\">\n\t\t\t\t\t\t\t\t\t<h2>\u00a0<\/h2><p>\u00a0<\/p><h2>\u00a0<\/h2><h2 style=\"text-align: center;\"><span style=\"color: #ffffff;\">SISTEMAS DE DETECCI\u00d3N DE GAS Y FUEGO<\/span><\/h2><p>\u00a0<\/p><p>\u00a0<\/p><p>\u00a0<\/p>\t\t\t\t\t\t\t\t<\/div>\n\t\t\t\t<\/div>\n\t\t\t\t\t<\/div>\n\t\t<\/div>\n\t\t\t\t\t<\/div>\n\t\t<\/section>\n\t\t\t\t<section class=\"elementor-section elementor-top-section elementor-element elementor-element-b52aa66 elementor-section-boxed elementor-section-height-default elementor-section-height-default\" data-id=\"b52aa66\" data-element_type=\"section\">\n\t\t\t\t\t\t<div class=\"elementor-container elementor-column-gap-default\">\n\t\t\t\t\t<div class=\"elementor-column elementor-col-100 elementor-top-column elementor-element elementor-element-851239f\" data-id=\"851239f\" data-element_type=\"column\">\n\t\t\t<div class=\"elementor-widget-wrap elementor-element-populated\">\n\t\t\t\t\t\t<div class=\"elementor-element elementor-element-d997a87 elementor-widget elementor-widget-text-editor\" data-id=\"d997a87\" data-element_type=\"widget\" data-widget_type=\"text-editor.default\">\n\t\t\t\t<div class=\"elementor-widget-container\">\n\t\t\t\t\t\t\t\t\t<h4>\u00a0<\/h4><h4 style=\"text-align: center;\"><span style=\"color: #ffffff;\">Ofrecemos la mejor soluci\u00f3n en Sistemas de Detecci\u00f3n de Gas y Fuego.<\/span><\/h4><p>\u00a0<\/p>\t\t\t\t\t\t\t\t<\/div>\n\t\t\t\t<\/div>\n\t\t\t\t\t<\/div>\n\t\t<\/div>\n\t\t\t\t\t<\/div>\n\t\t<\/section>\n\t\t\t\t<section class=\"elementor-section elementor-top-section elementor-element elementor-element-b8ebe10 elementor-section-boxed elementor-section-height-default elementor-section-height-default\" data-id=\"b8ebe10\" data-element_type=\"section\">\n\t\t\t\t\t\t<div class=\"elementor-container elementor-column-gap-default\">\n\t\t\t\t\t<div class=\"elementor-column elementor-col-50 elementor-top-column elementor-element elementor-element-3015334\" data-id=\"3015334\" data-element_type=\"column\">\n\t\t\t<div class=\"elementor-widget-wrap elementor-element-populated\">\n\t\t\t\t\t\t<div class=\"elementor-element elementor-element-7ddeb74 elementor-widget elementor-widget-text-editor\" data-id=\"7ddeb74\" data-element_type=\"widget\" data-widget_type=\"text-editor.default\">\n\t\t\t\t<div class=\"elementor-widget-container\">\n\t\t\t\t\t\t\t\t\t<p style=\"text-align: justify;\"><span style=\"color: #000000;\">MAJA Consulting Group ofrece la mejor soluci\u00f3n en Sistemas de Detecci\u00f3n de Gas y Fuego, considerando las particularidades de cada riesgo, \u00e1reas a proteger y las necesidades del cliente, obteniendo as\u00ed un Sistema funcional y \u00f3ptimo.<\/span><\/p><p style=\"text-align: justify;\"><span style=\"color: #000000;\">El Sistema permite la detecci\u00f3n temprana de mezclas explosivas, vapores de sustancias t\u00f3xicas o inflamables, calor, humo o fuego, alertando al personal de manera inmediata mediante la activaci\u00f3n de alarmas visibles y audibles o interactuando de forma autom\u00e1tica con los sistemas de supresi\u00f3n y\/o aislamiento del proceso para atender oportunamente el evento no deseado, reduciendo la severidad de las consecuencias y salvaguardando la vida humana, medio ambiente, instalaciones y producci\u00f3n.<\/span><\/p>\t\t\t\t\t\t\t\t<\/div>\n\t\t\t\t<\/div>\n\t\t\t\t\t<\/div>\n\t\t<\/div>\n\t\t\t\t<div class=\"elementor-column elementor-col-50 elementor-top-column elementor-element elementor-element-153f2c4\" data-id=\"153f2c4\" data-element_type=\"column\">\n\t\t\t<div class=\"elementor-widget-wrap elementor-element-populated\">\n\t\t\t\t\t\t<div class=\"elementor-element elementor-element-e19db1a elementor-widget elementor-widget-text-editor\" data-id=\"e19db1a\" data-element_type=\"widget\" data-widget_type=\"text-editor.default\">\n\t\t\t\t<div class=\"elementor-widget-container\">\n\t\t\t\t\t\t\t\t\t<h5 class=\"blue\" style=\"text-align: justify;\"><span style=\"color: #000000;\">\u00bfComo proponemos un Sistema de Detecci\u00f3n de Gas y Fuego?<\/span><\/h5><p style=\"text-align: justify;\"><span style=\"color: #000000;\">Nuestro dise\u00f1o del Sistema de Detecci\u00f3n de Gas y Fuego se origina de las recomendaciones resultantes de un an\u00e1lisis de riesgo, an\u00e1lisis de frecuencias, radios de afectaci\u00f3n y nubes de dispersi\u00f3n de un evento, tomando en cuenta las condiciones ambientales y de operaci\u00f3n para la localizaci\u00f3n estrat\u00e9gica de los detectores y equipos, as\u00ed mismo, se consideran estudios de probabilidad (\u00e1rboles de eventos y de fallas) para la justificaci\u00f3n del sistema, cumpliendo con los requerimientos de nuestros clientes y la normatividad aplicable.<\/span><\/p>\t\t\t\t\t\t\t\t<\/div>\n\t\t\t\t<\/div>\n\t\t\t\t\t<\/div>\n\t\t<\/div>\n\t\t\t\t\t<\/div>\n\t\t<\/section>\n\t\t\t\t<section class=\"elementor-section elementor-top-section elementor-element elementor-element-aca0eb8 elementor-section-boxed elementor-section-height-default elementor-section-height-default\" data-id=\"aca0eb8\" data-element_type=\"section\">\n\t\t\t\t\t\t<div class=\"elementor-container elementor-column-gap-default\">\n\t\t\t\t\t<div class=\"elementor-column elementor-col-20 elementor-top-column elementor-element elementor-element-5b0fb38\" data-id=\"5b0fb38\" data-element_type=\"column\">\n\t\t\t<div class=\"elementor-widget-wrap elementor-element-populated\">\n\t\t\t\t\t\t<div class=\"elementor-element elementor-element-408f282 elementor-widget elementor-widget-image\" data-id=\"408f282\" data-element_type=\"widget\" data-widget_type=\"image.default\">\n\t\t\t\t<div class=\"elementor-widget-container\">\n\t\t\t\t\t\t\t\t\t\t\t\t\t\t\t<img decoding=\"async\" width=\"154\" height=\"119\" src=\"https:\/\/majaconsultinggroup.com\/wp-content\/uploads\/2023\/02\/deteccion_fuego_20.jpg\" class=\"attachment-large size-large wp-image-102\" alt=\"\" \/>\t\t\t\t\t\t\t\t\t\t\t\t\t\t\t<\/div>\n\t\t\t\t<\/div>\n\t\t\t\t\t<\/div>\n\t\t<\/div>\n\t\t\t\t<div class=\"elementor-column elementor-col-20 elementor-top-column elementor-element elementor-element-fc7c905\" data-id=\"fc7c905\" data-element_type=\"column\">\n\t\t\t<div class=\"elementor-widget-wrap elementor-element-populated\">\n\t\t\t\t\t\t<div class=\"elementor-element elementor-element-d6eb8b7 elementor-widget elementor-widget-image\" data-id=\"d6eb8b7\" data-element_type=\"widget\" data-widget_type=\"image.default\">\n\t\t\t\t<div class=\"elementor-widget-container\">\n\t\t\t\t\t\t\t\t\t\t\t\t\t\t\t<img decoding=\"async\" width=\"154\" height=\"119\" src=\"https:\/\/majaconsultinggroup.com\/wp-content\/uploads\/2023\/02\/deteccion_fuego_21.jpg\" class=\"attachment-large size-large wp-image-103\" alt=\"\" \/>\t\t\t\t\t\t\t\t\t\t\t\t\t\t\t<\/div>\n\t\t\t\t<\/div>\n\t\t\t\t\t<\/div>\n\t\t<\/div>\n\t\t\t\t<div class=\"elementor-column elementor-col-20 elementor-top-column elementor-element elementor-element-44a8941\" data-id=\"44a8941\" data-element_type=\"column\">\n\t\t\t<div class=\"elementor-widget-wrap elementor-element-populated\">\n\t\t\t\t\t\t<div class=\"elementor-element elementor-element-2bb2ece elementor-widget elementor-widget-image\" data-id=\"2bb2ece\" data-element_type=\"widget\" data-widget_type=\"image.default\">\n\t\t\t\t<div class=\"elementor-widget-container\">\n\t\t\t\t\t\t\t\t\t\t\t\t\t\t\t<img decoding=\"async\" width=\"164\" height=\"125\" src=\"https:\/\/majaconsultinggroup.com\/wp-content\/uploads\/2023\/02\/deteccion_fuego_22.jpg\" class=\"attachment-large size-large wp-image-104\" alt=\"\" \/>\t\t\t\t\t\t\t\t\t\t\t\t\t\t\t<\/div>\n\t\t\t\t<\/div>\n\t\t\t\t\t<\/div>\n\t\t<\/div>\n\t\t\t\t<div class=\"elementor-column elementor-col-20 elementor-top-column elementor-element elementor-element-6671b50\" data-id=\"6671b50\" data-element_type=\"column\">\n\t\t\t<div class=\"elementor-widget-wrap elementor-element-populated\">\n\t\t\t\t\t\t<div class=\"elementor-element elementor-element-3393bc0 elementor-widget elementor-widget-image\" data-id=\"3393bc0\" data-element_type=\"widget\" data-widget_type=\"image.default\">\n\t\t\t\t<div class=\"elementor-widget-container\">\n\t\t\t\t\t\t\t\t\t\t\t\t\t\t\t<img loading=\"lazy\" decoding=\"async\" width=\"175\" height=\"124\" src=\"https:\/\/majaconsultinggroup.com\/wp-content\/uploads\/2023\/02\/deteccion_fuego_23.jpg\" class=\"attachment-large size-large wp-image-105\" alt=\"\" \/>\t\t\t\t\t\t\t\t\t\t\t\t\t\t\t<\/div>\n\t\t\t\t<\/div>\n\t\t\t\t\t<\/div>\n\t\t<\/div>\n\t\t\t\t<div class=\"elementor-column elementor-col-20 elementor-top-column elementor-element elementor-element-e8aee16\" data-id=\"e8aee16\" data-element_type=\"column\">\n\t\t\t<div class=\"elementor-widget-wrap elementor-element-populated\">\n\t\t\t\t\t\t<div class=\"elementor-element elementor-element-e3eef55 elementor-widget elementor-widget-image\" data-id=\"e3eef55\" data-element_type=\"widget\" data-widget_type=\"image.default\">\n\t\t\t\t<div class=\"elementor-widget-container\">\n\t\t\t\t\t\t\t\t\t\t\t\t\t\t\t<img loading=\"lazy\" decoding=\"async\" width=\"163\" height=\"126\" src=\"https:\/\/majaconsultinggroup.com\/wp-content\/uploads\/2023\/02\/deteccion_fuego_24.jpg\" class=\"attachment-large size-large wp-image-106\" alt=\"\" \/>\t\t\t\t\t\t\t\t\t\t\t\t\t\t\t<\/div>\n\t\t\t\t<\/div>\n\t\t\t\t\t<\/div>\n\t\t<\/div>\n\t\t\t\t\t<\/div>\n\t\t<\/section>\n\t\t\t\t<section class=\"elementor-section elementor-top-section elementor-element elementor-element-3b1089a elementor-section-boxed elementor-section-height-default elementor-section-height-default\" data-id=\"3b1089a\" data-element_type=\"section\">\n\t\t\t\t\t\t<div class=\"elementor-container elementor-column-gap-default\">\n\t\t\t\t\t<div class=\"elementor-column elementor-col-100 elementor-top-column elementor-element elementor-element-b66b9d0\" data-id=\"b66b9d0\" data-element_type=\"column\">\n\t\t\t<div class=\"elementor-widget-wrap elementor-element-populated\">\n\t\t\t\t\t\t<div class=\"elementor-element elementor-element-03aa431 elementor-widget elementor-widget-spacer\" data-id=\"03aa431\" data-element_type=\"widget\" data-widget_type=\"spacer.default\">\n\t\t\t\t<div class=\"elementor-widget-container\">\n\t\t\t\t\t\t\t<div class=\"elementor-spacer\">\n\t\t\t<div class=\"elementor-spacer-inner\"><\/div>\n\t\t<\/div>\n\t\t\t\t\t\t<\/div>\n\t\t\t\t<\/div>\n\t\t\t\t\t<\/div>\n\t\t<\/div>\n\t\t\t\t\t<\/div>\n\t\t<\/section>\n\t\t\t\t<section class=\"elementor-section elementor-top-section elementor-element elementor-element-33c8f52 elementor-section-boxed elementor-section-height-default elementor-section-height-default\" data-id=\"33c8f52\" data-element_type=\"section\">\n\t\t\t\t\t\t<div class=\"elementor-container elementor-column-gap-default\">\n\t\t\t\t\t<div class=\"elementor-column elementor-col-100 elementor-top-column elementor-element elementor-element-d56c478\" data-id=\"d56c478\" data-element_type=\"column\">\n\t\t\t<div class=\"elementor-widget-wrap elementor-element-populated\">\n\t\t\t\t\t\t<div class=\"elementor-element elementor-element-086df9e elementor-widget elementor-widget-text-editor\" data-id=\"086df9e\" data-element_type=\"widget\" data-widget_type=\"text-editor.default\">\n\t\t\t\t<div class=\"elementor-widget-container\">\n\t\t\t\t\t\t\t\t\t<h3 class=\"blue\"><span style=\"color: #000000;\">Verificaci\u00f3n de cobertura 3D<\/span><\/h3><p><span style=\"color: #000000;\">Mediante herramientas especializadas (3D Mapping Fire &amp; Gas Software) verificamos a trav\u00e9s del modelo 3D de las plantas industriales, la cobertura de los Detectores de Gas y Fuego (sistemas existentes o en etapa de dise\u00f1o), permiti\u00e9ndonos evaluar el factor de cobertura obtenido, haciendo a los sistemas propuestos mas seguros y \u00f3ptimos, y as\u00ed, cumplir con requerimientos regulatorios corporativos e internacionales. En caso de requerirse, podemos realizar el ciclo de vida del sistema de Detecci\u00f3n de Gas y Fuego bajo los requerimientos de la ISA TR-84.00.07 2018.<\/span><\/p>\t\t\t\t\t\t\t\t<\/div>\n\t\t\t\t<\/div>\n\t\t\t\t\t<\/div>\n\t\t<\/div>\n\t\t\t\t\t<\/div>\n\t\t<\/section>\n\t\t\t\t<section class=\"elementor-section elementor-top-section elementor-element elementor-element-26dc8ef elementor-section-boxed elementor-section-height-default elementor-section-height-default\" data-id=\"26dc8ef\" data-element_type=\"section\">\n\t\t\t\t\t\t<div class=\"elementor-container elementor-column-gap-default\">\n\t\t\t\t\t<div class=\"elementor-column elementor-col-33 elementor-top-column elementor-element elementor-element-e6d33fe\" data-id=\"e6d33fe\" data-element_type=\"column\">\n\t\t\t<div class=\"elementor-widget-wrap elementor-element-populated\">\n\t\t\t\t\t\t<div class=\"elementor-element elementor-element-14f1650 elementor-widget elementor-widget-image\" data-id=\"14f1650\" data-element_type=\"widget\" data-widget_type=\"image.default\">\n\t\t\t\t<div class=\"elementor-widget-container\">\n\t\t\t\t\t\t\t\t\t\t\t\t\t\t\t<img loading=\"lazy\" decoding=\"async\" width=\"1009\" height=\"633\" src=\"https:\/\/majaconsultinggroup.com\/wp-content\/uploads\/2023\/02\/deteccion_fuego_10.jpg\" class=\"attachment-large size-large wp-image-107\" alt=\"\" srcset=\"https:\/\/majaconsultinggroup.com\/wp-content\/uploads\/2023\/02\/deteccion_fuego_10.jpg 1009w, https:\/\/majaconsultinggroup.com\/wp-content\/uploads\/2023\/02\/deteccion_fuego_10-300x188.jpg 300w, https:\/\/majaconsultinggroup.com\/wp-content\/uploads\/2023\/02\/deteccion_fuego_10-768x482.jpg 768w\" sizes=\"(max-width: 1009px) 100vw, 1009px\" \/>\t\t\t\t\t\t\t\t\t\t\t\t\t\t\t<\/div>\n\t\t\t\t<\/div>\n\t\t\t\t\t<\/div>\n\t\t<\/div>\n\t\t\t\t<div class=\"elementor-column elementor-col-33 elementor-top-column elementor-element elementor-element-9a4012e\" data-id=\"9a4012e\" data-element_type=\"column\">\n\t\t\t<div class=\"elementor-widget-wrap elementor-element-populated\">\n\t\t\t\t\t\t<div class=\"elementor-element elementor-element-e35838f elementor-widget elementor-widget-image\" data-id=\"e35838f\" data-element_type=\"widget\" data-widget_type=\"image.default\">\n\t\t\t\t<div class=\"elementor-widget-container\">\n\t\t\t\t\t\t\t\t\t\t\t\t\t\t\t<img loading=\"lazy\" decoding=\"async\" width=\"1009\" height=\"633\" src=\"https:\/\/majaconsultinggroup.com\/wp-content\/uploads\/2023\/02\/deteccion_fuego_11.jpg\" class=\"attachment-large size-large wp-image-108\" alt=\"\" srcset=\"https:\/\/majaconsultinggroup.com\/wp-content\/uploads\/2023\/02\/deteccion_fuego_11.jpg 1009w, https:\/\/majaconsultinggroup.com\/wp-content\/uploads\/2023\/02\/deteccion_fuego_11-300x188.jpg 300w, https:\/\/majaconsultinggroup.com\/wp-content\/uploads\/2023\/02\/deteccion_fuego_11-768x482.jpg 768w\" sizes=\"(max-width: 1009px) 100vw, 1009px\" \/>\t\t\t\t\t\t\t\t\t\t\t\t\t\t\t<\/div>\n\t\t\t\t<\/div>\n\t\t\t\t\t<\/div>\n\t\t<\/div>\n\t\t\t\t<div class=\"elementor-column elementor-col-33 elementor-top-column elementor-element elementor-element-ece91c6\" data-id=\"ece91c6\" data-element_type=\"column\">\n\t\t\t<div class=\"elementor-widget-wrap elementor-element-populated\">\n\t\t\t\t\t\t<div class=\"elementor-element elementor-element-2db820e elementor-widget elementor-widget-image\" data-id=\"2db820e\" data-element_type=\"widget\" data-widget_type=\"image.default\">\n\t\t\t\t<div class=\"elementor-widget-container\">\n\t\t\t\t\t\t\t\t\t\t\t\t\t\t\t<img loading=\"lazy\" decoding=\"async\" width=\"1007\" height=\"648\" src=\"https:\/\/majaconsultinggroup.com\/wp-content\/uploads\/2023\/04\/FIGURA1.png\" class=\"attachment-large size-large wp-image-479\" alt=\"\" srcset=\"https:\/\/majaconsultinggroup.com\/wp-content\/uploads\/2023\/04\/FIGURA1.png 1007w, https:\/\/majaconsultinggroup.com\/wp-content\/uploads\/2023\/04\/FIGURA1-300x193.png 300w, https:\/\/majaconsultinggroup.com\/wp-content\/uploads\/2023\/04\/FIGURA1-768x494.png 768w\" sizes=\"(max-width: 1007px) 100vw, 1007px\" \/>\t\t\t\t\t\t\t\t\t\t\t\t\t\t\t<\/div>\n\t\t\t\t<\/div>\n\t\t\t\t\t<\/div>\n\t\t<\/div>\n\t\t\t\t\t<\/div>\n\t\t<\/section>\n\t\t\t\t<\/div>\n\t\t","protected":false},"excerpt":{"rendered":"<p>\u00a0 \u00a0 \u00a0 SISTEMAS DE DETECCI\u00d3N DE GAS Y FUEGO \u00a0 \u00a0 \u00a0 \u00a0 Ofrecemos la mejor soluci\u00f3n en Sistemas de Detecci\u00f3n de Gas y Fuego. \u00a0 MAJA Consulting Group ofrece la mejor soluci\u00f3n en Sistemas de Detecci\u00f3n de Gas y Fuego, considerando las particularidades de cada riesgo, \u00e1reas a proteger y las necesidades del &#8230; <a title=\"Sistema de Detecci\u00f3n de Gas y Fuego\" class=\"read-more\" href=\"https:\/\/majaconsultinggroup.com\/index.php\/sistema-de-deteccion-de-gas-y-fuego\/\" aria-label=\"Leer m\u00e1s sobre Sistema de Detecci\u00f3n de Gas y Fuego\">Leer m\u00e1s<\/a><\/p>\n","protected":false},"author":1,"featured_media":0,"parent":0,"menu_order":0,"comment_status":"closed","ping_status":"closed","template":"elementor_header_footer","meta":{"footnotes":""},"class_list":["post-97","page","type-page","status-publish"],"_links":{"self":[{"href":"https:\/\/majaconsultinggroup.com\/index.php\/wp-json\/wp\/v2\/pages\/97","targetHints":{"allow":["GET"]}}],"collection":[{"href":"https:\/\/majaconsultinggroup.com\/index.php\/wp-json\/wp\/v2\/pages"}],"about":[{"href":"https:\/\/majaconsultinggroup.com\/index.php\/wp-json\/wp\/v2\/types\/page"}],"author":[{"embeddable":true,"href":"https:\/\/majaconsultinggroup.com\/index.php\/wp-json\/wp\/v2\/users\/1"}],"replies":[{"embeddable":true,"href":"https:\/\/majaconsultinggroup.com\/index.php\/wp-json\/wp\/v2\/comments?post=97"}],"version-history":[{"count":10,"href":"https:\/\/majaconsultinggroup.com\/index.php\/wp-json\/wp\/v2\/pages\/97\/revisions"}],"predecessor-version":[{"id":489,"href":"https:\/\/majaconsultinggroup.com\/index.php\/wp-json\/wp\/v2\/pages\/97\/revisions\/489"}],"wp:attachment":[{"href":"https:\/\/majaconsultinggroup.com\/index.php\/wp-json\/wp\/v2\/media?parent=97"}],"curies":[{"name":"wp","href":"https:\/\/api.w.org\/{rel}","templated":true}]}}